{"id":48,"date":"2024-04-12T21:24:33","date_gmt":"2024-04-12T19:24:33","guid":{"rendered":"https:\/\/olawisniewskafotografia.pl\/?page_id=48"},"modified":"2024-05-10T23:17:04","modified_gmt":"2024-05-10T21:17:04","slug":"o-mnie","status":"publish","type":"page","link":"https:\/\/olawisniewskafotografia.pl\/index.php\/o-mnie\/","title":{"rendered":""},"content":{"rendered":"\n<div class=\"wp-block-group alignfull has-mono-4-background-color has-background has-global-padding is-layout-constrained wp-container-core-group-is-layout-129f6e7c wp-block-group-is-layout-constrained\" style=\"margin-top:0;margin-bottom:0;padding-top:var(--wp--preset--spacing--superbspacing-large);padding-right:var(--wp--preset--spacing--superbspacing-small);padding-bottom:var(--wp--preset--spacing--superbspacing-large);padding-left:var(--wp--preset--spacing--superbspacing-small)\">\n<div class=\"wp-block-columns alignwide is-layout-flex wp-container-core-columns-is-layout-25593187 wp-block-columns-is-layout-flex\">\n<div class=\"wp-block-column is-vertically-aligned-center is-layout-flow wp-container-core-column-is-layout-40a2a7e8 wp-block-column-is-layout-flow\" style=\"padding-right:0;padding-bottom:0;padding-left:0\">\n<figure class=\"wp-block-image size-large has-custom-border\"><img loading=\"lazy\" decoding=\"async\" width=\"819\" height=\"1024\" src=\"https:\/\/olawisniewskafotografia.pl\/wp-content\/uploads\/2024\/04\/magnolie_ja-1-819x1024.jpg\" alt=\"\" class=\"wp-image-69\" style=\"border-radius:8px\" srcset=\"https:\/\/olawisniewskafotografia.pl\/wp-content\/uploads\/2024\/04\/magnolie_ja-1-819x1024.jpg 819w, https:\/\/olawisniewskafotografia.pl\/wp-content\/uploads\/2024\/04\/magnolie_ja-1-240x300.jpg 240w, https:\/\/olawisniewskafotografia.pl\/wp-content\/uploads\/2024\/04\/magnolie_ja-1-768x960.jpg 768w, https:\/\/olawisniewskafotografia.pl\/wp-content\/uploads\/2024\/04\/magnolie_ja-1.jpg 864w\" sizes=\"auto, (max-width: 819px) 100vw, 819px\" \/><\/figure>\n<\/div>\n\n\n\n<div class=\"wp-block-column is-vertically-aligned-center is-layout-flow wp-container-core-column-is-layout-a1628350 wp-block-column-is-layout-flow\" style=\"padding-top:0;padding-right:0;padding-bottom:0;padding-left:0\">\n<div class=\"wp-block-group is-layout-flow wp-container-core-group-is-layout-ff697075 wp-block-group-is-layout-flow\">\n<h2 class=\"wp-block-heading has-text-align-left has-superbfont-xlarge-font-size\">Bardzo mi mi\u0142o, \u017ce tu zagl\u0105dasz!<\/h2>\n\n\n\n<p>Jestem Ola i kocham fotografi\u0119. Przez lata m\u00f3wi\u0142am o tym, \u017ce robi\u0119 zdj\u0119cia tylko dla zabawy, chocia\u017c zawsze chcia\u0142am nada\u0107 temu wi\u0119cej sensu. A\u017c wreszcie postanowi\u0142am spe\u0142ni\u0107 moje marzenie, fotografuj\u0105c rodziny, przysz\u0142e mamy i zakochane pary. Ka\u017cda sesja to inne emocja i niesamowita energia, kt\u00f3ra nap\u0119dza mnie do dzia\u0142ania.<\/p>\n\n\n\n<p>W moich fotografiach chc\u0119 zapisa\u0107 dla Was najcenniejsze wspomnienia, zarejestrowa\u0107 ulotne chwile, drobne gesty, ca\u0142y wachlarz emocji. Tworz\u0119 naturalne kadry, bo naturalno\u015b\u0107 jest ponadczasowa i nie do podrobienia.<\/p>\n<\/div>\n<\/div>\n<\/div>\n<\/div>\n\n\n\n<p>Uwa\u017cam, \u017ce sesja zdj\u0119ciowa musi opiera\u0107 si\u0119 na zaufaniu. Ka\u017cdy z nas potrzebuje troch\u0119 czasu, aby otworzy\u0107 si\u0119 na drug\u0105 osob\u0119 i poczu\u0107 si\u0119 naprawd\u0119 swobodnie. Najlepsze zdj\u0119cia powstaj\u0105 wtedy, gdy zapominacie o mojej obecno\u015bci. Staram si\u0119, aby sesja by\u0142a dla Was okazj\u0105 do sp\u0119dzenia mi\u0142ego czasu razem.<\/p>\n\n\n\n<p>Pracuj\u0119 w Warszawie i my\u015bl\u0119, \u017ce to miasto daje nieograniczone mo\u017cliwo\u015bci do stworzenia ciekawych fotografii, zar\u00f3wno w klimacie sielskim, jak i surowym, ulicznym. Najbardziej jednak lubi\u0119 okrywa\u0107 potencja\u0142 w miejscach, kt\u00f3re na pierwszy rzut oka wygl\u0105daj\u0105 nieciekawie. To mo\u017ce by\u0107 nawet ulica albo kawa\u0142ek zieleni przy Twoim domu. Tam te\u017c mo\u017ce zadzia\u0107 si\u0119 magia!<\/p>\n\n\n\n<p>Poza fotografi\u0105 bardzo lubi\u0119 podr\u00f3\u017ce, koty, kuchni\u0119 i muzyk\u0119 w\u0142osk\u0105. Prywatnie jestem mam\u0105 zbuntowanej nastolatki i \u017cywio\u0142owej dwulatki. Marz\u0119 o domu z du\u017cym ogrodem, ale nie jestem w stanie zrezygnowa\u0107 z wyg\u00f3d \u017cycia w centrum miasta.<\/p>\n\n\n\n<h2 class=\"wp-block-heading\">Dlaczego warto mi zaufa\u0107?<\/h2>\n\n\n\n<ul class=\"wp-block-list\">\n<li class=\"has-superbfont-xsmall-font-size\">Ka\u017cd\u0105 sesj\u0119 przygotowuj\u0119 z du\u017c\u0105 staranno\u015bci\u0105, uwzgl\u0119dniaj\u0105c potrzeby, oczekiwania i obawy moich Klient\u00f3w. Doradzam, ale przede wszystkim s\u0142ucham!<\/li>\n\n\n\n<li class=\"has-superbfont-xsmall-font-size\">W czasie sesji dbam o mi\u0142\u0105 atmosfer\u0119. Proponuj\u0119 aktywno\u015bci, kt\u00f3re zaanga\u017cuj\u0105 wszystkich uczestnik\u00f3w. U mnie nie ma poganiania i ustawiania na si\u0142\u0119.<\/li>\n\n\n\n<li class=\"has-superbfont-xsmall-font-size\">Po sesji pracuj\u0119 szybko, bo \u2013 tak jak moi Klienci \u2013 jestem bardzo ciekawa efekt\u00f3w. Selekcja jest zawsze trudna, bo chc\u0119 pokaza\u0107 te najlepsze uj\u0119cia.<\/li>\n\n\n\n<li class=\"has-superbfont-xsmall-font-size\">Jestem perfekcjonistk\u0105, wi\u0119c obr\u00f3bk\u0119 wykonuj\u0119 z du\u017c\u0105 staranno\u015bci\u0105. Bardzo lubi\u0119 ten etap pracy.<\/li>\n<\/ul>\n\n\n\n<h2 class=\"wp-block-heading\">Gdzie mo\u017cna mnie znale\u017a\u0107?<\/h2>\n\n\n\n<p>Zapraszam na moje profile w mediach spo\u0142eczno\u015bciowych na Facebooku: Ola Wi\u015bniewska Fotografia i na Instagramie: olawisniewska_foto. Opowiadam tam o kulisach pracy fotografa, pokazuj\u0119 efekty nowych sesji i cz\u0119\u015bciowo odkrywam karty na temat mojej codzienno\u015bci.<br><\/p>\n\n\n\n<h2 class=\"wp-block-heading has-superbfont-xsmall-font-size\">Co m\u00f3wi\u0105 o mnie klienci?<\/h2>\n\n\n\n<p><em>Zanim trafili\u015bmy do Oli, najgorsza w sesjach by\u0142a dla nas zawsze niepewno\u015b\u0107, czy dobrze si\u0119 ustawimy i wymy\u015blimy ciekawe pozy (czytaj: czy nie wyjdziemy na sztywnych nudziarzy) . U Oli takiego problemu nie mieli\u015bmy, bo mia\u0142a doskonale opracowane propozycje p\u00f3z i \u015bwietnie dobrane miejsca z ciekawym t\u0142em. Bardzo szybko si\u0119 zrelaksowali\u015bmy, a Ola genialnie uchwyci\u0142a nasz\u0105 relacj\u0119 i czu\u0142o\u015b\u0107, kt\u00f3rej nie da\u0142oby si\u0119 poczu\u0107 w sztywnych zdj\u0119ciach. Bardzo dzi\u0119kujemy za \u015bwietn\u0105 sesj\u0119! Te zdj\u0119cia zostan\u0105 z nami na d\u0142ugo <\/em>\ud83d\ude42 \u2013 Katarzyna i Marcin, sesja narzecze\u0144ska<\/p>\n\n\n\n<p><em>Zdj\u0119cia, kt\u00f3re nam zrobi\u0142a\u015b, s\u0105 przepi\u0119kne i odzew, jak one s\u0105 cudownie naturalne, by\u0142 przeogromny. Na prawd\u0119 warto trzyma\u0107 si\u0119 tej naturalno\u015bci.<\/em> \u2013 Maja, sesja rodzinna<\/p>\n\n\n\n<p><em>Co\u015b pi\u0119knego! Kilka kadr\u00f3w w zachodz\u0105cym s\u0142o\u0144cu a tyle w nich magii <\/em>\ud83d\ude0d<em>. Zdj\u0119cia Oli daj\u0105 mi autentyczn\u0105 rado\u015b\u0107 i nowe spojrzenie na siebie<\/em> \u2013 Kasia, sesja indywidualna<\/p>\n\n\n\n<p><em>Wiedzia\u0142am, \u017ce b\u0119dziemy zadowoleni, ale to, co Pani zrobi\u0142a, to jaka\u015b magia! Jeszcze raz dzi\u0119kuj\u0119 za sesje i przepi\u0119kne zdj\u0119cia, bardzo si\u0119 ciesz\u0119, \u017ce w\u015br\u00f3d tylu fotograf\u00f3w uda\u0142o nam si\u0119 Pani\u0105 odnale\u017a\u0107<\/em> \ud83d\ude42 \u2013 Eliza, sesja rodzinna<\/p>\n","protected":false},"excerpt":{"rendered":"<p>Bardzo mi mi\u0142o, \u017ce tu zagl\u0105dasz! Jestem Ola i kocham fotografi\u0119. Przez lata m\u00f3wi\u0142am o tym, \u017ce robi\u0119 zdj\u0119cia tylko dla zabawy, chocia\u017c zawsze chcia\u0142am nada\u0107 temu wi\u0119cej sensu. A\u017c wreszcie postanowi\u0142am spe\u0142ni\u0107 moje marzenie, fotografuj\u0105c rodziny, przysz\u0142e mamy i zakochane pary. Ka\u017cda sesja to inne emocja i niesamowita energia, kt\u00f3ra nap\u0119dza mnie do dzia\u0142ania. [&hellip;]<\/p>\n","protected":false},"author":1,"featured_media":0,"parent":0,"menu_order":0,"comment_status":"closed","ping_status":"closed","template":"","meta":{"footnotes":""},"class_list":["post-48","page","type-page","status-publish","hentry"],"yoast_head":"<!-- This site is optimized with the Yoast SEO plugin v22.4 - https:\/\/yoast.com\/wordpress\/plugins\/seo\/ -->\n<title>- Ola Wi\u015bniewska Fotografia<\/title>\n<meta name=\"description\" content=\"Cze\u015b\u0107! Jestem Ola, Twoja fotograf z Warszawy. Skupiam si\u0119 na emocjach i tworz\u0119 naturalne kadry. Zobacz, dlaczego warto mi zaufa\u0107!\" \/>\n<meta name=\"robots\" content=\"index, follow, max-snippet:-1, max-image-preview:large, max-video-preview:-1\" \/>\n<link rel=\"canonical\" href=\"http:\/\/olawisniewskafotografia.pl\/index.php\/o-mnie\/\" \/>\n<meta property=\"og:locale\" content=\"pl_PL\" \/>\n<meta property=\"og:type\" content=\"article\" \/>\n<meta property=\"og:title\" content=\"- Ola Wi\u015bniewska Fotografia\" \/>\n<meta property=\"og:description\" content=\"Cze\u015b\u0107! Jestem Ola, Twoja fotograf z Warszawy. Skupiam si\u0119 na emocjach i tworz\u0119 naturalne kadry. Zobacz, dlaczego warto mi zaufa\u0107!\" \/>\n<meta property=\"og:url\" content=\"http:\/\/olawisniewskafotografia.pl\/index.php\/o-mnie\/\" \/>\n<meta property=\"og:site_name\" content=\"Ola Wi\u015bniewska Fotografia\" \/>\n<meta property=\"article:publisher\" content=\"https:\/\/www.facebook.com\/profile.php?id=100086994844416\" \/>\n<meta property=\"article:modified_time\" content=\"2024-05-10T21:17:04+00:00\" \/>\n<meta property=\"og:image\" content=\"https:\/\/olawisniewskafotografia.pl\/wp-content\/uploads\/2024\/04\/magnolie_ja-1-819x1024.jpg\" \/>\n<meta name=\"twitter:card\" content=\"summary_large_image\" \/>\n<meta name=\"twitter:label1\" content=\"Szacowany czas czytania\" \/>\n\t<meta name=\"twitter:data1\" content=\"4 minuty\" \/>\n<script type=\"application\/ld+json\" class=\"yoast-schema-graph\">{\"@context\":\"https:\/\/schema.org\",\"@graph\":[{\"@type\":\"WebPage\",\"@id\":\"http:\/\/olawisniewskafotografia.pl\/index.php\/o-mnie\/\",\"url\":\"http:\/\/olawisniewskafotografia.pl\/index.php\/o-mnie\/\",\"name\":\"- Ola Wi\u015bniewska Fotografia\",\"isPartOf\":{\"@id\":\"https:\/\/olawisniewskafotografia.pl\/#website\"},\"primaryImageOfPage\":{\"@id\":\"http:\/\/olawisniewskafotografia.pl\/index.php\/o-mnie\/#primaryimage\"},\"image\":{\"@id\":\"http:\/\/olawisniewskafotografia.pl\/index.php\/o-mnie\/#primaryimage\"},\"thumbnailUrl\":\"https:\/\/olawisniewskafotografia.pl\/wp-content\/uploads\/2024\/04\/magnolie_ja-1-819x1024.jpg\",\"datePublished\":\"2024-04-12T19:24:33+00:00\",\"dateModified\":\"2024-05-10T21:17:04+00:00\",\"description\":\"Cze\u015b\u0107! Jestem Ola, Twoja fotograf z Warszawy. Skupiam si\u0119 na emocjach i tworz\u0119 naturalne kadry. Zobacz, dlaczego warto mi zaufa\u0107!\",\"inLanguage\":\"pl-PL\",\"potentialAction\":[{\"@type\":\"ReadAction\",\"target\":[\"http:\/\/olawisniewskafotografia.pl\/index.php\/o-mnie\/\"]}]},{\"@type\":\"ImageObject\",\"inLanguage\":\"pl-PL\",\"@id\":\"http:\/\/olawisniewskafotografia.pl\/index.php\/o-mnie\/#primaryimage\",\"url\":\"https:\/\/olawisniewskafotografia.pl\/wp-content\/uploads\/2024\/04\/magnolie_ja-1.jpg\",\"contentUrl\":\"https:\/\/olawisniewskafotografia.pl\/wp-content\/uploads\/2024\/04\/magnolie_ja-1.jpg\",\"width\":864,\"height\":1080},{\"@type\":\"WebSite\",\"@id\":\"https:\/\/olawisniewskafotografia.pl\/#website\",\"url\":\"https:\/\/olawisniewskafotografia.pl\/\",\"name\":\"Ola Wi\u015bniewska Fotografia\",\"description\":\"Naturalna fotografia rodzinna\",\"publisher\":{\"@id\":\"https:\/\/olawisniewskafotografia.pl\/#\/schema\/person\/6a037c4639ccb2eb4880eca595ab5212\"},\"potentialAction\":[{\"@type\":\"SearchAction\",\"target\":{\"@type\":\"EntryPoint\",\"urlTemplate\":\"https:\/\/olawisniewskafotografia.pl\/?s={search_term_string}\"},\"query-input\":\"required name=search_term_string\"}],\"inLanguage\":\"pl-PL\"},{\"@type\":[\"Person\",\"Organization\"],\"@id\":\"https:\/\/olawisniewskafotografia.pl\/#\/schema\/person\/6a037c4639ccb2eb4880eca595ab5212\",\"name\":\"Ola\",\"image\":{\"@type\":\"ImageObject\",\"inLanguage\":\"pl-PL\",\"@id\":\"https:\/\/olawisniewskafotografia.pl\/#\/schema\/person\/image\/\",\"url\":\"https:\/\/olawisniewskafotografia.pl\/wp-content\/uploads\/2024\/04\/magnolie_ja-1.jpg\",\"contentUrl\":\"https:\/\/olawisniewskafotografia.pl\/wp-content\/uploads\/2024\/04\/magnolie_ja-1.jpg\",\"width\":864,\"height\":1080,\"caption\":\"Ola\"},\"logo\":{\"@id\":\"https:\/\/olawisniewskafotografia.pl\/#\/schema\/person\/image\/\"},\"sameAs\":[\"http:\/\/olawisniewskafotografia.pl\",\"https:\/\/www.facebook.com\/profile.php?id=100086994844416\",\"https:\/\/www.instagram.com\/olawisniewska_foto\/\"]}]}<\/script>\n<!-- \/ Yoast SEO plugin. -->","yoast_head_json":{"title":"- Ola Wi\u015bniewska Fotografia","description":"Cze\u015b\u0107! Jestem Ola, Twoja fotograf z Warszawy. Skupiam si\u0119 na emocjach i tworz\u0119 naturalne kadry. Zobacz, dlaczego warto mi zaufa\u0107!","robots":{"index":"index","follow":"follow","max-snippet":"max-snippet:-1","max-image-preview":"max-image-preview:large","max-video-preview":"max-video-preview:-1"},"canonical":"http:\/\/olawisniewskafotografia.pl\/index.php\/o-mnie\/","og_locale":"pl_PL","og_type":"article","og_title":"- Ola Wi\u015bniewska Fotografia","og_description":"Cze\u015b\u0107! Jestem Ola, Twoja fotograf z Warszawy. Skupiam si\u0119 na emocjach i tworz\u0119 naturalne kadry. Zobacz, dlaczego warto mi zaufa\u0107!","og_url":"http:\/\/olawisniewskafotografia.pl\/index.php\/o-mnie\/","og_site_name":"Ola Wi\u015bniewska Fotografia","article_publisher":"https:\/\/www.facebook.com\/profile.php?id=100086994844416","article_modified_time":"2024-05-10T21:17:04+00:00","og_image":[{"url":"https:\/\/olawisniewskafotografia.pl\/wp-content\/uploads\/2024\/04\/magnolie_ja-1-819x1024.jpg"}],"twitter_card":"summary_large_image","twitter_misc":{"Szacowany czas czytania":"4 minuty"},"schema":{"@context":"https:\/\/schema.org","@graph":[{"@type":"WebPage","@id":"http:\/\/olawisniewskafotografia.pl\/index.php\/o-mnie\/","url":"http:\/\/olawisniewskafotografia.pl\/index.php\/o-mnie\/","name":"- Ola Wi\u015bniewska Fotografia","isPartOf":{"@id":"https:\/\/olawisniewskafotografia.pl\/#website"},"primaryImageOfPage":{"@id":"http:\/\/olawisniewskafotografia.pl\/index.php\/o-mnie\/#primaryimage"},"image":{"@id":"http:\/\/olawisniewskafotografia.pl\/index.php\/o-mnie\/#primaryimage"},"thumbnailUrl":"https:\/\/olawisniewskafotografia.pl\/wp-content\/uploads\/2024\/04\/magnolie_ja-1-819x1024.jpg","datePublished":"2024-04-12T19:24:33+00:00","dateModified":"2024-05-10T21:17:04+00:00","description":"Cze\u015b\u0107! Jestem Ola, Twoja fotograf z Warszawy. Skupiam si\u0119 na emocjach i tworz\u0119 naturalne kadry. Zobacz, dlaczego warto mi zaufa\u0107!","inLanguage":"pl-PL","potentialAction":[{"@type":"ReadAction","target":["http:\/\/olawisniewskafotografia.pl\/index.php\/o-mnie\/"]}]},{"@type":"ImageObject","inLanguage":"pl-PL","@id":"http:\/\/olawisniewskafotografia.pl\/index.php\/o-mnie\/#primaryimage","url":"https:\/\/olawisniewskafotografia.pl\/wp-content\/uploads\/2024\/04\/magnolie_ja-1.jpg","contentUrl":"https:\/\/olawisniewskafotografia.pl\/wp-content\/uploads\/2024\/04\/magnolie_ja-1.jpg","width":864,"height":1080},{"@type":"WebSite","@id":"https:\/\/olawisniewskafotografia.pl\/#website","url":"https:\/\/olawisniewskafotografia.pl\/","name":"Ola Wi\u015bniewska Fotografia","description":"Naturalna fotografia rodzinna","publisher":{"@id":"https:\/\/olawisniewskafotografia.pl\/#\/schema\/person\/6a037c4639ccb2eb4880eca595ab5212"},"potentialAction":[{"@type":"SearchAction","target":{"@type":"EntryPoint","urlTemplate":"https:\/\/olawisniewskafotografia.pl\/?s={search_term_string}"},"query-input":"required name=search_term_string"}],"inLanguage":"pl-PL"},{"@type":["Person","Organization"],"@id":"https:\/\/olawisniewskafotografia.pl\/#\/schema\/person\/6a037c4639ccb2eb4880eca595ab5212","name":"Ola","image":{"@type":"ImageObject","inLanguage":"pl-PL","@id":"https:\/\/olawisniewskafotografia.pl\/#\/schema\/person\/image\/","url":"https:\/\/olawisniewskafotografia.pl\/wp-content\/uploads\/2024\/04\/magnolie_ja-1.jpg","contentUrl":"https:\/\/olawisniewskafotografia.pl\/wp-content\/uploads\/2024\/04\/magnolie_ja-1.jpg","width":864,"height":1080,"caption":"Ola"},"logo":{"@id":"https:\/\/olawisniewskafotografia.pl\/#\/schema\/person\/image\/"},"sameAs":["http:\/\/olawisniewskafotografia.pl","https:\/\/www.facebook.com\/profile.php?id=100086994844416","https:\/\/www.instagram.com\/olawisniewska_foto\/"]}]}},"_links":{"self":[{"href":"https:\/\/olawisniewskafotografia.pl\/index.php\/wp-json\/wp\/v2\/pages\/48","targetHints":{"allow":["GET"]}}],"collection":[{"href":"https:\/\/olawisniewskafotografia.pl\/index.php\/wp-json\/wp\/v2\/pages"}],"about":[{"href":"https:\/\/olawisniewskafotografia.pl\/index.php\/wp-json\/wp\/v2\/types\/page"}],"author":[{"embeddable":true,"href":"https:\/\/olawisniewskafotografia.pl\/index.php\/wp-json\/wp\/v2\/users\/1"}],"replies":[{"embeddable":true,"href":"https:\/\/olawisniewskafotografia.pl\/index.php\/wp-json\/wp\/v2\/comments?post=48"}],"version-history":[{"count":17,"href":"https:\/\/olawisniewskafotografia.pl\/index.php\/wp-json\/wp\/v2\/pages\/48\/revisions"}],"predecessor-version":[{"id":70,"href":"https:\/\/olawisniewskafotografia.pl\/index.php\/wp-json\/wp\/v2\/pages\/48\/revisions\/70"}],"wp:attachment":[{"href":"https:\/\/olawisniewskafotografia.pl\/index.php\/wp-json\/wp\/v2\/media?parent=48"}],"curies":[{"name":"wp","href":"https:\/\/api.w.org\/{rel}","templated":true}]}}